what is -27173a3 - 2?
-27173a5
In base 6, what is 3133342210 - 3?
3133342203
In base 4, what is -1300302 + -231330?
-2132232
In base 14, what is c2214 + 27?
c223b
In base 15, what is -1295c013 + 3?
-1295c010
In base 13, what is -15cca5 + -10?
-15ccb5
In base 16, what is b4b - -8327?
8e72
In base 12, what is -254 - -42600?
42368
In base 2, what is -101 - -1100110010100010010000101?
1100110010100010010000000
In base 13, what is 49a12b + -a?
49a121
In base 3, what is -11100 + -22122012111?
-22122100211
In base 16, what is -3a8cf3 + -5?
-3a8cf8
In base 5, what is 124401001 + 23?
124401024
In base 7, what is 1564652 + 12?
1564664
In base 12, what is -1b + -20968b3?
-2096912
In base 15, what is 157 - -638?
790
In base 9, what is 66 - -37320?
37386
In base 7, what is 1 - 35426315?
-35426314
In base 15, what is d - 12199c4?
-12199b6
In base 11, what is -19506733 + 8?
-19506726
In base 2, what is -101110111100 + -1001111010000?
-1111110001100
In base 9, what is -3 + 14282232?
14282228
In base 15, what is 86e - -1947?
22b6
In base 13, what is -1a377c2 + -4?
-1a377c6
In base 7, what is 3 + 206635545?
206635551
In base 10, what is -6827 + -422?
-7249
In base 8, what is 0 - 1636102466?
-1636102466
In base 10, what is -1248491 + -121?
-1248612
In base 11, what is 322 - -11133?
11455
In base 14, what is 38 - -285442?
28547a
In base 12, what is 37a6b + -4a?
37a21
In base 7, what is 54524363 + 1?
54524364
In base 16, what is d - -3801f?
3802c
In base 2, what is -100001000000 + 101111011010?
1110011010
In base 9, what is 778 + -381741?
-380852
In base 4, what is 110220221202 - -20?
110220221222
In base 7, what is 325452266 + -3?
325452263
In base 5, what is -10 - -12440234?
12440224
In base 11, what is -5 - -12a1424?
12a141a
In base 2, what is -1100001 + 10001101011110011111?
10001101011100111110
In base 11, what is 102 + 143811?
143913
In base 16, what is 4959 - 58?
4901
In base 13, what is -3957435 - -c?
-3957426
In base 11, what is -14320 - 218?
-14538
In base 13, what is 1a7cb192 - 3?
1a7cb18c
In base 16, what is -1 + 8cd930?
8cd92f
In base 15, what is -115462 - 48?
-1154aa
In base 10, what is -13 - -220518?
220505
In base 13, what is -14958c + -22?
-1495b1
In base 3, what is -210211012221110022 - 0?
-210211012221110022
In base 8, what is 100337163 + -3?
100337160
In base 7, what is -4 + 2400316131?
2400316124
In base 4, what is 1221 - 132130131?
-132122310
In base 10, what is -88835543 - -3?
-88835540
In base 14, what is 3 + -16d8578?
-16d8575
In base 13, what is ba38 - 759?
b2ac
In base 6, what is 3 + -2200551041?
-2200551034
In base 4, what is 1 + -21330233120?
-21330233113
In base 2, what is 11111100100110100 - 101?
11111100100101111
In base 12, what is 6b18 - 138a?
574a
In base 10, what is -1429 + -1?
-1430
In base 8, what is 7333331 + 116?
7333447
In base 10, what is 2 + -18971702?
-18971700
In base 4, what is -11 + 21112303230?
21112303213
In base 12, what is 7 + 5745855?
5745860
In base 9, what is 3606427 - 174?
3606243
In base 7, what is 3414062 - 425?
3413334
In base 4, what is -13221303112 - 112?
-13221303230
In base 12, what is 1a770800 + 3?
1a770803
In base 9, what is 36 + 217445?
217482
In base 4, what is -33031032 - -210021?
-32221011
In base 13, what is 765b91 + -3?
765b8b
In base 13, what is 2 + -92903?
-92901
In base 8, what is -313173 + 23?
-313150
In base 11, what is -2180 + -19594?
-20764
In base 12, what is 4 + 1732b7?
1732bb
In base 5, what is -1 - -412021423?
412021422
In base 2, what is 10010000110100101 + 101010111?
10010001011111100
In base 11, what is 340517507 - 0?
340517507
In base 7, what is 242110432 - -1?
242110433
In base 2, what is -1000101111011110011 + 1?
-1000101111011110010
In base 14, what is 24c - -c61cb?
c6439
In base 9, what is 58 + -46372?
-46313
In base 7, what is -2 + 2556534022?
2556534020
In base 7, what is 616 - 20040?
-16121
In base 4, what is -11100320330 + -203?
-11100321133
In base 8, what is 165507751 + -4?
165507745
In base 16, what is -3 + -239d08?
-239d0b
In base 11, what is 121 - 75a998?
-75a877
In base 2, what is -10010111100110010101101010011 + -1?
-10010111100110010101101010100
In base 12, what is 530522 + 19?
53053b
In base 14, what is 31 - -9978a?
997bb
In base 7, what is 20626206 - 1?
20626205
In base 7, what is -3 + 44150365?
44150362
In base 3, what is -12112011121 + -12010?
-12112100201
In base 5, what is 12444 - 40124012?
-40111013
In base 11, what is -9 + 2435619?
2435610
In base 13, what is -13a58 + 32ac?
-10779
In base 8, what is 563340 + 223?
563563
In base 5, what is 14 + -11224321303?
-11224321234
In base 8, what is 203 - -30507744?
30510147
In base 2, what is -11 - -10101000001011111111010?
10101000001011111110111
In base 14, what is a2 + 6c86?
6d48
In base 12, what is 27749b1 + 1?
27749b2
In base 6, what is 11044202 + 4?
11044210
In base 13, what is 227225 + -6?
22721c
In base 13, what is -5ab3492 + 4?
-5ab348b
In base 10, what is -128842 - -16?
-128826
In base 15, what is -14c906e + 1?
-14c906d
In base 13, what is -14caa40 + 2?
-14caa3b
In base 16, what is 365d - -108b?
46e8
In base 16, what is -a5570 + 38?
-a5538
In base 16, what is 1bff7e - 5?
1bff79
In base 10, what is -88588880 - 0?
-88588880
In base 10, what is 66553804 - -2?
66553806
In base 13, what is 3327 - -150c?
4836
In base 14, what is 24 + 1562dd?
156323
In base 14, what is 71418 - -a?
71424
In base 5, what is 3321241203 + -1?
3321241202
In base 2, what is -1100111 - -1001000110010111101111?
1001000110010110001000
In base 16, what is -6 - 32e066?
-32e06c
In base 13, what is 5 + 28721b26?
28721b2b
In base 10, what is -3639794 - 4?
-3639798
In base 7, what is 3 + -350263612?
-350263606
In base 4, what is 10233 + -2033020?
-2022121
In base 7, what is 50215234 + 3?
50215240
In base 11, what is -2a72 - 811?
-3783
In base 9, what is -4451378 + -3?
-4451382
In base 2, what is -11 - -100101011111001111110?
100101011111001111011
In base 8, what is -2 + 15676651?
15676647
In base 6, what is 20352 + -3020054?
-2555302
In base 15, what is 6eb30 - -dc?
6ec1c
In base 4, what is -12130221 + -1030?
-12131311
In base 6, what is 4 + -12030411?
-12030403
In base 7, what is -5 + 4642161455?
4642161450
In base 5, what is -412 - 30423404?
-30424321
In base 12, what is -181630 + 45?
-1815a7
In base 12, what is 3 + -21335b02?
-21335abb
In base 15, what is -696c - 3a3?
-6d20
In base 11, what is -498083 - -193?
-4979a0
In base 11, what is -372aa52 - 0?
-372aa52
In base 7, what is -11521 + -30016?
-41540
In base 16, what is 8 + -79ffb?
-79ff3
In base 6, what is -2155 - 45231?
-51430
In base 9, what is 6 + -34342616?
-34342610
In base 7, what is 132061664 - 10?
132061654
In base 2, what is 101010110000010000101 + -1101?
101010110000001111000
In base 4, what is -33012 + 11113232?
11020220
In base 2, what is 1010101101101111 + -110?
1010101101101001
In base 16, what is 5 + 30eb91e?
30eb923
In base 5, what is 4010024 + -4203?
4000321
In base 7, what is 4121 - 300?
3521
In base 14, what is -1386 + -6753?
-7ad9
In base 7, what is -1056025 - -14054?
-1041641
In base 2, what is -1011 + 11101011001101100101001010?
11101011001101100100111111
In base 3, what is 1122 - 1111221101120?
-1111221022221
In base 16, what is -9c366d8 + -4?
-9c366dc
In base 10, what is 37198995 + -11?
37198984
In base 14, what is -4 + -d6b04?
-d6b08
In base 8, what is -1757741 - -530?
-1757211
In base 10, what is -93679 - 46?
-93725
In base 12, what is -4a8 - 6b415?
-6b901
In base 10, what is -257799 - -1043?
-256756
In base 2, what is 11100111101000001100 + 100010?
11100111101000101110
In base 7, what is 31301 - -24464?
56065
In base 11, what is 0 + 724407a?
724407a
In base 13, what is 1 + -48cb63b5?
-48cb63b4
In base 3, what is 11 - 1202100110211111?
-1202100110211100
In base 5, what is -312224202 + -204?
-312224411
In base 13, what is -ac6c12 + -65?
-ac6c77
In base 16, what is 4964 - -1fa5?
6909
In base 10, what is -5 + 142885363?
142885358
In base 16, what is -900ad7 + -2?
-900ad9
In base 16, what is -3 + -e8046?
-e8049
In base 12, what is 5 - -89726a?
897273
In base 5, what is -10 - -14040304420?
14040304410
In base 5, what is -11011204 - -141?
-11011013
In base 7, what is -41653 + -2250?
-44233
In base 16, what is -127b5 - 1f?
-127d4
In base 6, what is 5 - 45334032450?
-